t r(x) = -x**2 + 38*x + 75. Let d be r(35). Let b = d - 153. Calculate the highest common factor of b and q.
3
Suppose -21 = -2*y - 3*x, 5*y - 85 = -x - 0*x. Suppose 45 = 21*t - y*t. Calculate the highest common factor of 195 and t.
15
Let b(s) = 3*s - 4. Suppose -z - 3*z = -20, -z = -4*m + 43. Let i be b(m). Let d = i - 25. What is the highest common divisor of 7 and d?
7
Let f be 6 - (-9)/((-54)/(-3660)). Suppose -11*y = -4*y - f. Calculate the highest common factor of y and 154.
22
Suppose 207*s + 189 = 198*s. Let o be 111/(-21) - 6/s - -23. Calculate the greatest common divisor of 8 and o.
2
Let a(y) = y + 32. Let h = 28 - 24. Let j be a(h). Let v = 76 - j. Calculate the greatest common divisor of v and 320.
40
Suppose 0 = -104*h + 176*h - 91*h + 11970. Calculate the highest common factor of 560 and h.
70
Let l = 8 + -6. Let u(j) = -j**3 - j - 86. Let q be u(0). Let i = 106 + q. What is the greatest common factor of l and i?
2
Suppose 8532 = 4*z + 4*y, 72*z - 5*y - 8487 = 68*z. Calculate the greatest common factor of z and 48.
16
Let x(s) = -s + 10. Let l be x(10). Suppose -4*v + l*v + 5*q = 81, 3*q + 41 = -4*v. Let k = 32 + v. What is the highest common divisor of k and 90?
18
Suppose -6*s = -9*s + 2*p + 139, 3*s - 127 = -4*p. Suppose -315 = 29*q - 36*q. Calculate the highest common factor of s and q.
45
Suppose 8*c + 4 = 6*c, 8 = -2*r - 4*c. Suppose r = b, 3*b = 4*n + b - 20. Calculate the highest common factor of 20 and n.
5
Let h(g) = 43*g**3 + 3*g**2 + 13*g - 12. Let r be h(4). What is the highest common factor of r and 50?
10
Let b(v) = -366 + 169 - 10*v + 175. Let r be b(-6). Calculate the highest common divisor of 2 and r.
2
Suppose 2605*b + 42750 = 2607*b. What is the greatest common divisor of b and 450?
225
Suppose i - 4*x - 4 = -5*x, -4*i + 16 = -3*x. Suppose -5*o - 2 = -i*o - 5*c, -6 = -o + c. Calculate the highest common divisor of o and 100.
4
Suppose -280 = -86*y + 84*y. Let a be ((-4)/(-14) + 18160/y)*1. Calculate the highest common factor of 5 and a.
5
Let f be (5 - 2)*(1 + 19). Let x(z) = -z**2 - 6*z - 9. Let p be x(-6). Let j be (p + 4/1)/(1/(-3)). Calculate the greatest common divisor of f and j.
15
Suppose -78*a + 66*a + 47400 = 0. Calculate the highest common divisor of 100 and a.
50
Let u(y) = y**2 - 98*y - 2904. Let h be u(122). Calculate the greatest common factor of h and 26.
2
Let z = -947 - -1046. Suppose 5*w - 10 = 0, 0 = -2*s - 2*s + 5*w + 122. What is the greatest common factor of s and z?
33
Let f be 10/((45/40)/9). Suppose -25 = -4*d - 9. Suppose d*v = 23 + 17. Calculate the highest common divisor of v and f.
10
Let n = -1174 + 794. Let h = 395 + n. What is the greatest common divisor of h and 125?
5
Let h = -85 - -134. Suppose -5*o + n + h = 0, -3*n + 6 = 3*o - o. What is the greatest common divisor of o and 441?
9
Suppose -189 = -2*v - 157. Let o = -12 + v. Let f(p) = 7*p + 4. Let m be f(4). Calculate the highest common divisor of o and m.
4
Let f(r) = 2*r + 85. Let l(b) = b**3 - 7*b**2 + 11*b - 14. Let t be l(6). Let d be f(t). Calculate the greatest common factor of 13 and d.
13
Let q(n) = 3706*n - 2071. Let u be q(5). Calculate the highest common factor of u and 151.
151
Let p be 18/(-63) + (216/21 - -4 - 0). What is the greatest common factor of p and 2114?
14
Let a(r) = r**2 - 10*r + 5302. Let w be a(-120). What is the highest common divisor of 14 and w?
14
Suppose -36*q = -34*q + 296. Let c = q + 293. Suppose p + h = 26, -60 = -2*p - 4*h - 14. Calculate the greatest common divisor of p and c.
29
Let l = 46 + -47. Let i(p) = -192*p**3 + 2*p**2 + 10*p + 8. Let r be i(l). What is the greatest common divisor of r and 48?
48
Let y = 12832 - 8895. What is the greatest common factor of y and 403?
31
Let u = 16 + -16. Suppose -d - 3*o - 7 = u, -4*o = d + d + 22. Let y = -14 - d. What is the highest common divisor of 2 and y?
1
Let f = 5233 - 5173. Calculate the greatest common divisor of 1470 and f.
30
Let d(v) = -v**3 - 15*v**2 - 12*v + 49. Let l be d(-14). Let u be (-2)/6*-2*l. Suppose -2*b + 109 = -199. What is the highest common factor of b and u?
14
Let j = 9625 - 9233. Calculate the highest common factor of 266 and j.
14
Let p(h) = 2 + 0 - 3*h**2 + h**2 - 4*h**3 - 2*h + 0. Let g be p(-2). Let d be (127 - 35/5)/((18/(-4))/(-3)). What is the greatest common divisor of g and d?
10
Suppose -63*r = -2*n - 60*r + 11076, 0 = 5*n - 5*r - 27685. Calculate the highest common factor of 123 and n.
123
Suppose -20*v - 159 = -979. What is the highest common factor of 8651 and v?
41
Let c(t) = -68*t + 13234. Let f be c(-177). What is the highest common divisor of 140 and f?
70
Suppose 3*y = 4*h + 332, 0 = 2*y - 3*h - 64 - 155. What is the highest common divisor of 235 and y?
5
Let k(n) = n**3 - 4*n**2 + 2*n + 10. Let b be k(0). Let u be (5*b/75)/((-3)/(-90)). Let s be (1*80)/((-2)/(-4)). What is the greatest common factor of u and s?
20
Let g be (0 + (-22)/4)*-2. Suppose 6689*i - 6647*i = 9381 + 14643. Calculate the greatest common factor of g and i.
11
Suppose 0 = -5*o + 4*o + 8. Suppose -4*g - 3*b = -0*b - 110, 3*g - 2*b = 108. Calculate the highest common divisor of g and o.
8
Let f be 1/2*(-34)/(-1). Suppose 2106 = 3*p + 2*t - 40, 0 = -p - 5*t + 724. Let m be (-6)/(-4)*p/9. What is the greatest common factor of m and f?
17
Let b = 132 + -177. Let h be (7 + 999/b)*10/(-2). Calculate the greatest common factor of 190 and h.
38
Let y(m) = 169*m**2 + 8*m + 1. Let a be y(-2). Let o = a + -573. Let k be (-11)/(-4)*(6 + -2). What is the highest common divisor of o and k?
11
Let c(q) = 135*q**2 - 4*q - 3. Let b be c(-2). Suppose -137*g + 4172 = -118*g - 3*f, 0 = 4*g + 2*f - 852. What is the highest common divisor of b and g?
109
Let g(h) = -5*h + 66. Let q be g(18). Let d be (3 - 102/(-18))/((-1)/q). What is the greatest common factor of 26 and d?
26
Let v = 3146 - 3110. What is the highest common factor of 1308 and v?
12
Let p = 13 - -20. Let i be (7 + 0)*(p + -25). Suppose -6*b + 40 + i = 0. What is the highest common divisor of b and 48?
16
Let q(y) = y**2 - 50*y - 999. Let p be q(-19). Calculate the greatest common divisor of 408 and p.
24
Suppose -3*g - 95 - 82 = 0. Let f = 155 + g. What is the greatest common factor of 6 and f?
6
Let t be 11402 - (14 - 7 - 23). Calculate the highest common factor of t and 173.
173
Let z = 11867 - 3239. Calculate the greatest common divisor of z and 12.
12
Let a be (36/(0 + 18))/(2/10). Let v = -130 - -200. Calculate the greatest common divisor of a and v.
10
Let y = 1848 + -1533. What is the highest common factor of y and 175?
35
Let o be 10952/(-56)*(-36 + -13). Calculate the highest common divisor of o and 111.
37
Suppose 0 = -0*k + 4*k - 8. Suppose k*p - 3*j - 2 = 0, -2*j - j = 6. Let m be -1 - -21*4 - p. What is the greatest common divisor of 17 and m?
17
Suppose 4*s - 2626 = -i - 302, i = 2*s + 2348. Calculate the greatest common divisor of 240 and i.
60
Let q = 9381 - 9307. What is the highest common divisor of q and 7178?
74
Let s = 4688 - 4659. Let d(w) = 231*w**2 + w. Let p be d(1). Calculate the highest common divisor of s and p.
29
Let a(r) = -78*r - 828. Let s be a(-12). Let n = 36 - 24. What is the greatest common divisor of n and s?
12
Let m be (-17)/((-119)/(-18))*14. Let d(j) = -8*j - 243. Let b be d(m). Let p be (19 - -1) + (-2 - 0). What is the highest common divisor of p and b?
9
Suppose 5*p + 4*g = -575, -p + 2*g - 212 = p. Let a be 1*p*2/(-6). Let i = -19 + a. What is the greatest common factor of i and 27?
9
Suppose 15 = 3*g - 117. Suppose 47*q = 37*q + 320. Suppose 4*n = 5*n + 3*k - 16, -4*n = 4*k - q. Calculate the highest common divisor of n and g.
4
Let n(l) = -l**2 + 5*l + 68. Let p be n(-6). Let f be (-1 - (4 - 9))/(1*p). Let k be 54/7*14/2. What is the greatest common divisor of k and f?
2
Let f be (45 + 6/(-2))/2. Let q be 2/(-4)*-6 + 330/2. What is the highest common divisor of q and f?
21
Suppose 4*y = 22191 + 1917. Calculate the highest common factor of 123 and y.
123
Let o(i) = i + 37. Suppose -7 = -5*h + 2*d, -3*h = 2*h + 3*d - 27. Suppose -h*l + 63 - 12 = 0. Let f be o(l). Calculate the highest common divisor of f and 6.
6
Let h(a) = -2*a**3 + 7*a**2 - 6*a + 121. Let d be h(0). What is the highest common factor of 187 and d?
11
Suppose 2*d